st the prime factors of m.
103
Let t = -1562 + 1958. List the prime factors of t.
2, 3, 11
Let x be 122/(-18) - (-20)/(-90). Suppose -4*d - 259 = 2*a - 5*a, -5*d + 25 = 0. Let w = x + a. What are the prime factors of w?
2, 43
Let h = 120 + 69. Suppose -3*f = -2*u - 276, -f - f + h = -3*u. Suppose -3*n + f = -0*n. What are the prime factors of n?
2, 3, 5
Let q(c) = c**3 - 8*c**2 + 10*c - 8. Let g be q(7). Let u(v) = 73*v - 14. What are the prime factors of u(g)?
5, 11, 17
Let g = 3609 - 2045. What are the prime factors of g?
2, 17, 23
Let m = -34 + 30. Let t be (3/(-12) - 9/m) + 0. Suppose -10 = -5*i, -40 = -a - 5*i + t. What are the prime factors of a?
2
Suppose 0 = -4*o + 8*o - 688. Let d(m) = m**3 + 19*m**2 - 35*m + 24. Let v be d(-21). Let x = v + o. What are the prime factors of x?
7
Let s(h) = 837*h + 392. List the prime factors of s(12).
2, 2609
Suppose 0 = -4*c + 4*a - 6 + 38, 0 = 4*a + 16. Suppose 5*z = 4*l - 6557, -3*z + 4884 = c*l - l. List the prime factors of l.
23, 71
Let q(l) = 2*l**3 - 129*l**2 - 442*l - 35. What are the prime factors of q(71)?
2, 3, 2843
Let u = -32626 + 59699. List the prime factors of u.
27073
Let o be 75/175 + 48/(-14). Let y be (-8)/12 - 38/o. What are the prime factors of (1 - y/(-15))*5?
3
Suppose -o + 97 = m - 5*o, 270 = 3*m - 5*o. Let n = m + -81. What are the prime factors of n/(7 + -6 + (-18)/22)?
2, 11
Suppose -5*s + 36807 = 3*n, -39*n - 36807 = -42*n - 3*s. What are the prime factors of n?
12269
Let b(a) be the first derivative of 327*a**2/2 + 4*a + 85. List the prime factors of b(1).
331
Suppose 639 = -4*g + 5*i, 2*g = 5*i - 161 - 156. What are the prime factors of 0 + (-2 - -6) - g?
3, 5, 11
Let k = 40424 - -20783. What are the prime factors of k?
97, 631
Suppose 19*y - 46392 = 128826. What are the prime factors of y?
2, 3, 29, 53
Suppose 2*k = 4*k - 6. Suppose -d = 2*i - 6, 0 = -2*i - 2*d + k + 3. Suppose -2*j = -4*q + 38, 4*q - i*q = 5*j + 14. List the prime factors of q.
3
Let s be (-2)/(-4) + ((-19815)/(-2))/15. Suppose -7*b - 94 = -s. What are the prime factors of b?
3
Let s(k) = -k**2 - 8*k + 26. Let j be s(-10). Suppose j*i - 10868 = -2606. List the prime factors of i.
3, 17
Let c(z) = 806*z + 5993. What are the prime factors of c(44)?
3, 13, 1063
Suppose 408*u = 414*u - 69738. List the prime factors of u.
59, 197
Let g = 30 - -154. Let w be -6*(-2 - g) + 5 + -1. Suppose -11*b + 937 = -w. List the prime factors of b.
11, 17
Let n = -149 - -469. List the prime factors of n/6*(-14)/(-20)*12.
2, 7
List the prime factors of (-45)/(-10)*(-200720)/(-234).
2, 5, 193
Suppose 2*j + j + 300 = 0. Let f = 189 + j. List the prime factors of f.
89
Let i be (-46)/11 + 615/55 + -11. List the prime factors of 61 - (0 - 5) - i.
2, 5, 7
Let r = -112 - -114. Suppose 22 = l + 27, 1585 = r*o + 3*l. What are the prime factors of o?
2, 5
Let y(j) = 4*j**3 + 344*j**2 - 513*j - 29. What are the prime factors of y(-85)?
2, 18119
Suppose 0 = -4*y - 2*s + 110, -y + 11 = 5*s - 21. Suppose 5*u = y - 7. Suppose 0 = -4*c + u, 5*q = c - 2*c + 261. List the prime factors of q.
2, 13
Let q = -31347 - -61234. List the prime factors of q.
11, 13, 19
Let z = -2151 + 5646. What are the prime factors of z?
3, 5, 233
Let h(p) = 2*p + 10*p**2 - 9 + 7*p - 8*p**2. Let g be h(-8). Suppose i - 31 = g. What are the prime factors of i?
2, 3, 13
Let v(h) = -7*h**2 + 3. Let t be v(5). Suppose 105*l + 47*l = -4408. Let x = l - t. List the prime factors of x.
11, 13
Suppose 0 = -20*p + 22825 - 8925. Suppose 0 = 3*h + n - 1865, h - p = 3*n - 80. List the prime factors of h.
3, 23
Let x(m) = -632*m + 1106. List the prime factors of x(-18).
2, 79
Suppose -7038 = -s + 1745*n - 1749*n, 0 = -4*n - 8. What are the prime factors of s?
2, 13, 271
Suppose 16*l = 12*l + 60. Suppose -l*r - 193 = -16*r. List the prime factors of r.
193
Let l(c) = 3603*c**2 + 75*c - 122. List the prime factors of l(4).
2, 29, 997
Suppose -92 = 7*y - 106. Suppose 0 = y*q - 5*f - 1200, -2*q - 3*f = -f - 1186. List the prime factors of q.
5, 7, 17
Let t = 5617 - 943. What are the prime factors of t?
2, 3, 19, 41
Let u be 109101/(-164)*(-8)/6. Suppose -4*h = -4*v + 944, -287 = -5*v + 2*h + u. List the prime factors of v.
2, 3, 13
Suppose z - 14832 = 3*a, -3*z + 228*a + 44433 = 226*a. What are the prime factors of z?
3, 5, 7, 47
Let n(l) be the second derivative of -5*l + 0 - 4*l**2 + 14/3*l**3. List the prime factors of n(3).
2, 19
Suppose a + 7*d - 267 = 2*d, -5*d = -5*a + 1335. Suppose 0 = 5*x - a - 123. List the prime factors of x.
2, 3, 13
Let d(k) = -k**3 - 4*k**2 + 12*k + 5. Let w be d(-6). Suppose -v + m + 185 = -0*v, -925 = -w*v - 4*m. What are the prime factors of v?
5, 37
Let j(p) = 444*p**2 + 309*p - 1559. What are the prime factors of j(5)?
2, 23, 241
Let k = 10 - -3. Let j(q) = 4*q**3 + 35*q**2 - 61*q - 15. Let f(w) = -3*w**3 - 23*w**2 + 41*w + 10. Let z(h) = -7*f(h) - 5*j(h). List the prime factors of z(k).
2, 5, 7
Suppose -55 = -5*j + 90. Suppose 1656 = -j*u + 38*u. What are the prime factors of u?
2, 23
Let y(l) = 8*l**2 - 22*l - 25. Let a(s) = 17*s**2 - 45*s - 49. Let f(g) = -6*a(g) + 13*y(g). What are the prime factors of f(17)?
5, 11
Suppose 3*h = 4*v + 46, -4*h = -3*v - 75 + 37. List the prime factors of (v + 1)*1484/(-21).
2, 3, 53
Let u(f) = 17*f + 1795. What are the prime factors of u(-58)?
809
Let y(i) = 4*i**2 + 14*i - 3070. List the prime factors of y(66).
2, 7639
Let w be -2 + 8/(-2)*(-226)/4. Suppose 7*o - w = 2149. List the prime factors of o.
3, 113
Let d = 13 + -9. Let u(l) = -l**3 + 4*l**2 + 3*l - 5. Let g be u(d). Suppose 3*f - a = 111, -3*f = -g*f - 4*a + 132. List the prime factors of f.
2, 3
Suppose 3*k - 43 = k + g, k - 23 = g. Let q = 23 - k. Suppose -7*b + q*b = -380. What are the prime factors of b?
5, 19
Let b be -122 + 4/(-20) + (-64)/(-20). Let m = -114 - b. List the prime factors of ((-1)/m - (-54)/(-5))*-17.
11, 17
Let r be 40/6*168/112. Suppose -3460 + 130 = -r*t. List the prime factors of t.
3, 37
Let p be (-5 + 92/2)/(2/6). Let a = -117 + p. What are the prime factors of a?
2, 3
Let m be (-685)/(-3) + -2 - 1/3. Let z = -104 + m. Suppose -4*g = -142 - z. List the prime factors of g.
2, 3, 11
Let x(n) = 423*n**2 - 9*n + 20. Let h be x(4). Suppose 26*c - h - 580 = 0. What are the prime factors of c?
2, 3, 47
Let f = 56 + -51. Suppose 2*b + f*h + 606 = 3*b, -b + 4*h = -609. List the prime factors of b.
3, 23
Suppose -3*p + 8966 + 10099 = 0. What are the prime factors of p?
5, 31, 41
Suppose -61 + 209 = 4*u. Suppose 9 = -4*c + u. Suppose 3*l + c*a - 165 = 2*a, 0 = a - 3. List the prime factors of l.
2, 5
Let k(s) = -15*s + 75. Let t(c) = -c**3 - 5*c**2 - 2*c - 10. Let x be t(-5). What are the prime factors of k(x)?
3, 5
Suppose a - 1318 = -3*a + 2*x, 5*x + 5 = 0. Suppose -45*r + 3662 = -2998. Suppose 4*g = 2*c - r, 4*c + 4*g = g + a. What are the prime factors of c?
2, 5
What are the prime factors of 44*3/(-6)*(-2 - (-326)/(-4))?
11, 167
Let b(p) = 90*p - 1. Let a be b(-1). Let k = a + 351. List the prime factors of k.
2, 5, 13
Let x = -302 - -307. Suppose 2605 = x*q + 5*w, 9*q + 1539 = 12*q - 5*w. List the prime factors of q.
2, 7, 37
Suppose 2*u - 14 = 3*a + 11, -5*a - u = 20. List the prime factors of (-30)/a - 4 - -493.
3, 5, 11
Suppose 327516 = 1198*w - 1170*w. List the prime factors of w.
3, 7, 557
Let b(t) = t. Let s(a) = -a - 9. Let m(k) = -5*b(k) + s(k). Let i be m(-17). List the prime factors of (179/(-4))/(i/12 + -8).
179
Suppose 15926 = -6*l + 168236. What are the prime factors of l?
5, 5077
Suppose 0 = 113*g - 118*g + 15. Suppose 4*l + 818 + 1678 = g*y, -2*y + 1659 = -l. List the prime factors of y.
2, 3, 23
Suppose -796 = -6*y - 10. Suppose -5*l = 0, 3*k - y = -4*l - 17. What are the prime factors of k?
2, 19
Let v(h) = h**2 + 7*h + 4. Let o be v(-7). Suppose 5*x - 2875 = 12*g - 11*g, 0 = -5*x + o*g + 2875. What are the prime factors of x?
5, 23
Suppose -5*l + l + 2788 = 0. Suppose 5*i + 1660 = 2*p, -p + l = -4*i - 133. What are the prime factors of p?
2, 5, 83
Let v = 344 - -1051. Suppose v = -4*f + 9*f. Let w = 392 - f. List the prime factors of w.
113
Let w(p) = -207*p - 1. Let k be w(-12). Let n = k + -1429. List the prime factors of n.
2, 17, 31
Let g(u) = 2*u**2 - 25*u + 12. Let a be g(12). Suppose a*t - 77 = 